{"id":49260,"date":"2019-05-15T05:53:03","date_gmt":"2019-05-15T04:53:03","guid":{"rendered":"http:\/\/designinternational.uqam.ca\/2019\/?page_id=49260"},"modified":"2019-05-17T17:25:56","modified_gmt":"2019-05-17T16:25:56","slug":"jacques-ferrier-03","status":"publish","type":"page","link":"https:\/\/designinternational.uqam.ca\/2019\/jacques-ferrier\/jacques-ferrier-03\/","title":{"rendered":"Jacques Ferrier &#8211; 03"},"content":{"rendered":"<div class=\"wpb-content-wrapper\"><p>[vc_row row_height_percent=\u00a0\u00bb0&Prime; overlay_alpha=\u00a0\u00bb50&Prime; gutter_size=\u00a0\u00bb3&Prime; shift_y=\u00a0\u00bb0&Prime;][vc_column width=\u00a0\u00bb10\/12&Prime;][vc_row_inner][vc_column_inner width=\u00a0\u00bb5\/6&Prime;][vc_single_image media=\u00a0\u00bb48838&Prime; media_width_percent=\u00a0\u00bb100&Prime;][\/vc_column_inner][vc_column_inner width=\u00a0\u00bb1\/6&Prime;][\/vc_column_inner][\/vc_row_inner][\/vc_column][vc_column column_width_percent=\u00a0\u00bb100&Prime; position_vertical=\u00a0\u00bbmiddle\u00a0\u00bb align_horizontal=\u00a0\u00bbalign_center\u00a0\u00bb override_padding=\u00a0\u00bbyes\u00a0\u00bb column_padding=\u00a0\u00bb0&Prime; overlay_alpha=\u00a0\u00bb50&Prime; gutter_size=\u00a0\u00bb3&Prime; medium_visibility=\u00a0\u00bbyes\u00a0\u00bb medium_width=\u00a0\u00bb0&Prime; mobile_visibility=\u00a0\u00bbyes\u00a0\u00bb shift_x=\u00a0\u00bb0&Prime; shift_y=\u00a0\u00bb0&Prime; z_index=\u00a0\u00bb0&Prime; width=\u00a0\u00bb2\/12&Prime;][vc_row_inner][vc_column_inner width=\u00a0\u00bb1\/3&Prime;][vc_single_image media=\u00a0\u00bb48461&Prime; media_width_percent=\u00a0\u00bb75&Prime; alignment=\u00a0\u00bbcenter\u00a0\u00bb media_link=\u00a0\u00bburl:http%3A%2F%2Fdesigninternational.uqam.ca%2F2019%2Fjacques-ferrier%2Fjacques-ferrier-02%2F|title:Jacques%20Ferrier%20%E2%80%93%2002||\u00a0\u00bb][\/vc_column_inner][vc_column_inner width=\u00a0\u00bb1\/3&Prime;][vc_single_image media=\u00a0\u00bb48750&Prime; media_width_percent=\u00a0\u00bb100&Prime; alignment=\u00a0\u00bbcenter\u00a0\u00bb media_link=\u00a0\u00bburl:http%3A%2F%2Fdesigninternational.uqam.ca%2F2019%2F|title:Accueil%202019||\u00a0\u00bb][\/vc_column_inner][vc_column_inner width=\u00a0\u00bb1\/3&Prime;][vc_single_image media=\u00a0\u00bb48458&Prime; media_width_percent=\u00a0\u00bb75&Prime; alignment=\u00a0\u00bbcenter\u00a0\u00bb media_link=\u00a0\u00bburl:http%3A%2F%2Fdesigninternational.uqam.ca%2F2019%2Fjacques-ferrier-04|||\u00a0\u00bb][\/vc_column_inner][\/vc_row_inner][\/vc_column][\/vc_row][vc_row][vc_column width=\u00a0\u00bb1\/2&Prime;][vc_column_text]<b>Jacques Ferrier<\/b><\/p>\n<p>Les \u00e9quipes continuent \u00e0 travailler sur la requalification des seuils qu\u2019ils ont identifi\u00e9s la veille. Voici les parcours \u00e0 l\u2019\u00e9tude, de la station Berri-UQAM jusqu\u2019\u00e0 la Place Ville-Marie\u00a0:<\/p>\n<ol>\n<li>Dans la station Berri-UQAM \u2192 sortir par la BANQ \u2192 traverser le hall par le caf\u00e9 Le Parva \u2192 sortir sur avenue Savoie \u2192 traverser le passage pour pi\u00e9ton qui m\u00e8ne sur Saint-Denis \u2192 continuer sur rue \u00c9mery jusqu\u2019aux habitations Jeanne-Mance<\/li>\n<li>\u00c0 partir de la station Saint-Laurent \u2192 longer le boulevard Maisonneuve \u2192 traverser la Maison symphonique \u2192 passer sur l\u2019esplanade de la Place-des-arts \u2192 descendre sur rue Sainte-Catherine<\/li>\n<li>Entrer dans le Complexe Desjardins \u2192 parcourir le souterrain par le complexe Guy-Favreau \u2192 sortir et se rendre jusqu\u2019au Palais des congr\u00e8s \u2192 traverser le Palais des congr\u00e8s jusqu\u2019\u00e0 la station Place-d\u2019Armes \u2192 traverser la station \u2192 longer avenue Viger jusqu\u2019aux portes du quartier Chinois sur le boulevard Saint-Laurent.<\/li>\n<li>\u00c0 partir du Palais des congr\u00e8s, traverser la Lipstick Forest \u2192 se rendre \u00e0 la place Jean-Paul-Riopel \u2192 entrer dans le prisme de verre \u2192 parcourir le R\u00c9SO jusqu\u2019au Centre de commerce mondial \u2192 continuer jusqu\u2019\u00e0 la station Place-Victoria-OACI \u2192 sortir du c\u00f4t\u00e9 avenue Viger \u2192 entrer dans le b\u00e2timent de l\u2019OACI \u2192 aller jusqu\u2019au tunnel<\/li>\n<li>\u00c0 partir de Square-Victoria \u2192 longer Saint-Antoine direction ouest \u2192 entrer dans le 1000 de la Gaucheti\u00e8re \u2192 se rendre jusqu\u2019au Ch\u00e2teau Champlain<\/li>\n<li>\u00c0 partir de la passerelle du 1000 de la Gaucheti\u00e8re, se rendre jusqu\u2019au coin de la rue Sainte-Catherine ouest et de l\u2019avenue McGill College.<\/li>\n<\/ol>\n<p>[\/vc_column_text][\/vc_column][vc_column width=\u00a0\u00bb1\/2&Prime;][vc_gallery el_id=\u00a0\u00bbgallery-209984&Prime; type=\u00a0\u00bbcarousel\u00a0\u00bb medias=\u00a0\u00bb49453,49454,49455,49456,49457&Prime; carousel_lg=\u00a0\u00bb2&Prime; carousel_md=\u00a0\u00bb2&Prime; carousel_sm=\u00a0\u00bb1&Prime; thumb_size=\u00a0\u00bbtwo-three\u00a0\u00bb gutter_size=\u00a0\u00bb3&Prime; media_items=\u00a0\u00bbmedia|lightbox|original\u00a0\u00bb carousel_interval=\u00a0\u00bb0&Prime; carousel_navspeed=\u00a0\u00bb400&Prime; carousel_loop=\u00a0\u00bbyes\u00a0\u00bb carousel_dots=\u00a0\u00bbyes\u00a0\u00bb single_overlay_opacity=\u00a0\u00bb50&Prime; single_padding=\u00a0\u00bb2&Prime; single_border=\u00a0\u00bbyes\u00a0\u00bb][\/vc_column][\/vc_row][vc_row row_height_percent=\u00a0\u00bb0&Prime; overlay_alpha=\u00a0\u00bb50&Prime; equal_height=\u00a0\u00bbyes\u00a0\u00bb gutter_size=\u00a0\u00bb0&Prime; desktop_visibility=\u00a0\u00bbyes\u00a0\u00bb shift_y=\u00a0\u00bb0&Prime;][vc_column column_width_percent=\u00a0\u00bb100&Prime; position_vertical=\u00a0\u00bbmiddle\u00a0\u00bb align_horizontal=\u00a0\u00bbalign_center\u00a0\u00bb expand_height=\u00a0\u00bbyes\u00a0\u00bb overlay_alpha=\u00a0\u00bb50&Prime; gutter_size=\u00a0\u00bb3&Prime; desktop_visibility=\u00a0\u00bbyes\u00a0\u00bb align_medium=\u00a0\u00bbalign_center_tablet\u00a0\u00bb medium_width=\u00a0\u00bb0&Prime; align_mobile=\u00a0\u00bbalign_center_mobile\u00a0\u00bb shift_x=\u00a0\u00bb0&Prime; shift_y=\u00a0\u00bb0&Prime; z_index=\u00a0\u00bb0&Prime; width=\u00a0\u00bb1\/1&Prime;][vc_column_text]<a href=\"http:\/\/designinternational.uqam.ca\/2019\/jacques-ferrier-02\"><img decoding=\"async\" class=\"alignnone wp-image-49287\" src=\"http:\/\/designinternational.uqam.ca\/2019\/wp-content\/uploads\/sites\/8\/2019\/05\/fl\u00e8chepr\u00e9c\u00e9dent.png\" alt=\"\" width=\"42\" height=\"65\" \/><\/a><a href=\"http:\/\/designinternational.uqam.ca\/2019\/\"><img decoding=\"async\" class=\"alignnone wp-image-48750\" src=\"http:\/\/designinternational.uqam.ca\/2019\/wp-content\/uploads\/sites\/8\/2019\/05\/Home.png\" alt=\"\" width=\"61\" height=\"65\" \/><\/a><a href=\"http:\/\/designinternational.uqam.ca\/2019\/jacques-ferrier-04\"><img decoding=\"async\" class=\"alignnone wp-image-49285\" src=\"http:\/\/designinternational.uqam.ca\/2019\/wp-content\/uploads\/sites\/8\/2019\/05\/fl\u00e8chesuivant.png\" alt=\"\" width=\"42\" height=\"65\" \/><\/a>[\/vc_column_text][\/vc_column][\/vc_row]<\/p>\n<\/div>","protected":false},"excerpt":{"rendered":"<p>[vc_row row_height_percent=\u00a0\u00bb0&Prime; overlay_alpha=\u00a0\u00bb50&Prime; gutter_size=\u00a0\u00bb3&Prime; shift_y=\u00a0\u00bb0&Prime;][vc_column width=\u00a0\u00bb10\/12&Prime;][vc_row_inner][vc_column_inner width=\u00a0\u00bb5\/6&Prime;][vc_single_image media=\u00a0\u00bb48838&Prime; media_width_percent=\u00a0\u00bb100&Prime;][\/vc_column_inner][vc_column_inner width=\u00a0\u00bb1\/6&Prime;][\/vc_column_inner][\/vc_row_inner][\/vc_column][vc_column column_width_percent=\u00a0\u00bb100&Prime; position_vertical=\u00a0\u00bbmiddle\u00a0\u00bb align_horizontal=\u00a0\u00bbalign_center\u00a0\u00bb override_padding=\u00a0\u00bbyes\u00a0\u00bb column_padding=\u00a0\u00bb0&Prime; overlay_alpha=\u00a0\u00bb50&Prime; gutter_size=\u00a0\u00bb3&Prime; medium_visibility=\u00a0\u00bbyes\u00a0\u00bb medium_width=\u00a0\u00bb0&Prime; mobile_visibility=\u00a0\u00bbyes\u00a0\u00bb [&hellip;]<\/p>\n","protected":false},"author":6,"featured_media":0,"parent":48690,"menu_order":0,"comment_status":"closed","ping_status":"closed","template":"","meta":{"footnotes":""},"class_list":["post-49260","page","type-page","status-publish","hentry","page_category-jacques-ferrier"],"_links":{"self":[{"href":"https:\/\/designinternational.uqam.ca\/2019\/wp-json\/wp\/v2\/pages\/49260","targetHints":{"allow":["GET"]}}],"collection":[{"href":"https:\/\/designinternational.uqam.ca\/2019\/wp-json\/wp\/v2\/pages"}],"about":[{"href":"https:\/\/designinternational.uqam.ca\/2019\/wp-json\/wp\/v2\/types\/page"}],"author":[{"embeddable":true,"href":"https:\/\/designinternational.uqam.ca\/2019\/wp-json\/wp\/v2\/users\/6"}],"replies":[{"embeddable":true,"href":"https:\/\/designinternational.uqam.ca\/2019\/wp-json\/wp\/v2\/comments?post=49260"}],"version-history":[{"count":5,"href":"https:\/\/designinternational.uqam.ca\/2019\/wp-json\/wp\/v2\/pages\/49260\/revisions"}],"predecessor-version":[{"id":49644,"href":"https:\/\/designinternational.uqam.ca\/2019\/wp-json\/wp\/v2\/pages\/49260\/revisions\/49644"}],"up":[{"embeddable":true,"href":"https:\/\/designinternational.uqam.ca\/2019\/wp-json\/wp\/v2\/pages\/48690"}],"wp:attachment":[{"href":"https:\/\/designinternational.uqam.ca\/2019\/wp-json\/wp\/v2\/media?parent=49260"}],"curies":[{"name":"wp","href":"https:\/\/api.w.org\/{rel}","templated":true}]}}

<div class="wpb-content-wrapper"><p>[vc_row row_height_percent= »0&Prime; overlay_alpha= »50&Prime; gutter_size= »3&Prime; shift_y= »0&Prime;][vc_column width= »10/12&Prime;][vc_row_inner][vc_column_inner width= »5/6&Prime;][vc_single_image media= »48838&Prime; media_width_percent= »100&Prime;][/vc_column_inner][vc_column_inner width= »1/6&Prime;][/vc_column_inner][/vc_row_inner][/vc_column][vc_column column_width_percent= »100&Prime; position_vertical= »middle » align_horizontal= »align_center » override_padding= »yes » column_padding= »0&Prime; overlay_alpha= »50&Prime; gutter_size= »3&Prime; medium_visibility= »yes » medium_width= »0&Prime; mobile_visibility= »yes » shift_x= »0&Prime; shift_y= »0&Prime; z_index= »0&Prime; width= »2/12&Prime;][vc_row_inner][vc_column_inner width= »1/3&Prime;][vc_single_image media= »48461&Prime; media_width_percent= »75&Prime; alignment= »center » media_link= »url:http%3A%2F%2Fdesigninternational.uqam.ca%2F2019%2Fjacques-ferrier%2Fjacques-ferrier-02%2F|title:Jacques%20Ferrier%20%E2%80%93%2002|| »][/vc_column_inner][vc_column_inner width= »1/3&Prime;][vc_single_image media= »48750&Prime; media_width_percent= »100&Prime; alignment= »center » media_link= »url:http%3A%2F%2Fdesigninternational.uqam.ca%2F2019%2F|title:Accueil%202019|| »][/vc_column_inner][vc_column_inner width= »1/3&Prime;][vc_single_image media= »48458&Prime; media_width_percent= »75&Prime; alignment= »center » media_link= »url:http%3A%2F%2Fdesigninternational.uqam.ca%2F2019%2Fjacques-ferrier-04||| »][/vc_column_inner][/vc_row_inner][/vc_column][/vc_row][vc_row][vc_column width= »1/2&Prime;][vc_column_text]<b>Jacques Ferrier</b></p>
<p>Les équipes continuent à travailler sur la requalification des seuils qu’ils ont identifiés la veille. Voici les parcours à l’étude, de la station Berri-UQAM jusqu’à la Place Ville-Marie :</p>
<ol>
<li>Dans la station Berri-UQAM → sortir par la BANQ → traverser le hall par le café Le Parva → sortir sur avenue Savoie → traverser le passage pour piéton qui mène sur Saint-Denis → continuer sur rue Émery jusqu’aux habitations Jeanne-Mance</li>
<li>À partir de la station Saint-Laurent → longer le boulevard Maisonneuve → traverser la Maison symphonique → passer sur l’esplanade de la Place-des-arts → descendre sur rue Sainte-Catherine</li>
<li>Entrer dans le Complexe Desjardins → parcourir le souterrain par le complexe Guy-Favreau → sortir et se rendre jusqu’au Palais des congrès → traverser le Palais des congrès jusqu’à la station Place-d’Armes → traverser la station → longer avenue Viger jusqu’aux portes du quartier Chinois sur le boulevard Saint-Laurent.</li>
<li>À partir du Palais des congrès, traverser la Lipstick Forest → se rendre à la place Jean-Paul-Riopel → entrer dans le prisme de verre → parcourir le RÉSO jusqu’au Centre de commerce mondial → continuer jusqu’à la station Place-Victoria-OACI → sortir du côté avenue Viger → entrer dans le bâtiment de l’OACI → aller jusqu’au tunnel</li>
<li>À partir de Square-Victoria → longer Saint-Antoine direction ouest → entrer dans le 1000 de la Gauchetière → se rendre jusqu’au Château Champlain</li>
<li>À partir de la passerelle du 1000 de la Gauchetière, se rendre jusqu’au coin de la rue Sainte-Catherine ouest et de l’avenue McGill College.</li>
</ol>
<p>[/vc_column_text][/vc_column][vc_column width= »1/2&Prime;][vc_gallery el_id= »gallery-209984&Prime; type= »carousel » medias= »49453,49454,49455,49456,49457&Prime; carousel_lg= »2&Prime; carousel_md= »2&Prime; carousel_sm= »1&Prime; thumb_size= »two-three » gutter_size= »3&Prime; media_items= »media|lightbox|original » carousel_interval= »0&Prime; carousel_navspeed= »400&Prime; carousel_loop= »yes » carousel_dots= »yes » single_overlay_opacity= »50&Prime; single_padding= »2&Prime; single_border= »yes »][/vc_column][/vc_row][vc_row row_height_percent= »0&Prime; overlay_alpha= »50&Prime; equal_height= »yes » gutter_size= »0&Prime; desktop_visibility= »yes » shift_y= »0&Prime;][vc_column column_width_percent= »100&Prime; position_vertical= »middle » align_horizontal= »align_center » expand_height= »yes » overlay_alpha= »50&Prime; gutter_size= »3&Prime; desktop_visibility= »yes » align_medium= »align_center_tablet » medium_width= »0&Prime; align_mobile= »align_center_mobile » shift_x= »0&Prime; shift_y= »0&Prime; z_index= »0&Prime; width= »1/1&Prime;][vc_column_text]<a href="http://designinternational.uqam.ca/2019/jacques-ferrier-02"><img decoding="async" class="alignnone wp-image-49287" src="http://designinternational.uqam.ca/2019/wp-content/uploads/sites/8/2019/05/flècheprécédent.png" alt="" width="42" height="65" /></a><a href="http://designinternational.uqam.ca/2019/"><img decoding="async" class="alignnone wp-image-48750" src="http://designinternational.uqam.ca/2019/wp-content/uploads/sites/8/2019/05/Home.png" alt="" width="61" height="65" /></a><a href="http://designinternational.uqam.ca/2019/jacques-ferrier-04"><img decoding="async" class="alignnone wp-image-49285" src="http://designinternational.uqam.ca/2019/wp-content/uploads/sites/8/2019/05/flèchesuivant.png" alt="" width="42" height="65" /></a>[/vc_column_text][/vc_column][/vc_row]</p>
</div>
