{"id":49253,"date":"2019-05-15T05:50:46","date_gmt":"2019-05-15T04:50:46","guid":{"rendered":"http:\/\/designinternational.uqam.ca\/2019\/?page_id=49253"},"modified":"2019-05-17T17:25:55","modified_gmt":"2019-05-17T16:25:55","slug":"jacques-ferrier-02","status":"publish","type":"page","link":"https:\/\/designinternational.uqam.ca\/2019\/jacques-ferrier\/jacques-ferrier-02\/","title":{"rendered":"Jacques Ferrier &#8211; 02"},"content":{"rendered":"<div class=\"wpb-content-wrapper\"><p>[vc_row row_height_percent=\u00a0\u00bb0&Prime; overlay_alpha=\u00a0\u00bb50&Prime; gutter_size=\u00a0\u00bb3&Prime; shift_y=\u00a0\u00bb0&Prime;][vc_column width=\u00a0\u00bb10\/12&Prime;][vc_row_inner][vc_column_inner width=\u00a0\u00bb5\/6&Prime;][vc_single_image media=\u00a0\u00bb48837&Prime; media_width_percent=\u00a0\u00bb100&Prime;][\/vc_column_inner][vc_column_inner width=\u00a0\u00bb1\/6&Prime;][\/vc_column_inner][\/vc_row_inner][\/vc_column][vc_column column_width_percent=\u00a0\u00bb100&Prime; position_vertical=\u00a0\u00bbmiddle\u00a0\u00bb align_horizontal=\u00a0\u00bbalign_center\u00a0\u00bb override_padding=\u00a0\u00bbyes\u00a0\u00bb column_padding=\u00a0\u00bb0&Prime; overlay_alpha=\u00a0\u00bb50&Prime; gutter_size=\u00a0\u00bb3&Prime; medium_visibility=\u00a0\u00bbyes\u00a0\u00bb medium_width=\u00a0\u00bb0&Prime; mobile_visibility=\u00a0\u00bbyes\u00a0\u00bb shift_x=\u00a0\u00bb0&Prime; shift_y=\u00a0\u00bb0&Prime; z_index=\u00a0\u00bb0&Prime; width=\u00a0\u00bb2\/12&Prime;][vc_row_inner][vc_column_inner width=\u00a0\u00bb1\/3&Prime;][vc_single_image media=\u00a0\u00bb48461&Prime; media_width_percent=\u00a0\u00bb75&Prime; alignment=\u00a0\u00bbcenter\u00a0\u00bb media_link=\u00a0\u00bburl:http%3A%2F%2Fdesigninternational.uqam.ca%2F2019%2Fjacques-ferrier%2Fjacques-ferrier-01%2F|title:Jacques%20Ferrier%20%E2%80%93%2001||\u00a0\u00bb][\/vc_column_inner][vc_column_inner width=\u00a0\u00bb1\/3&Prime;][vc_single_image media=\u00a0\u00bb48750&Prime; media_width_percent=\u00a0\u00bb100&Prime; alignment=\u00a0\u00bbcenter\u00a0\u00bb media_link=\u00a0\u00bburl:http%3A%2F%2Fdesigninternational.uqam.ca%2F2019%2F|title:Accueil%202019||\u00a0\u00bb][\/vc_column_inner][vc_column_inner width=\u00a0\u00bb1\/3&Prime;][vc_single_image media=\u00a0\u00bb48458&Prime; media_width_percent=\u00a0\u00bb75&Prime; alignment=\u00a0\u00bbcenter\u00a0\u00bb media_link=\u00a0\u00bburl:http%3A%2F%2Fdesigninternational.uqam.ca%2F2019%2Fjacques-ferrier%2Fjacques-ferrier-03|title:Jacques%20Ferrier%20%E2%80%93%2000||\u00a0\u00bb][\/vc_column_inner][\/vc_row_inner][\/vc_column][\/vc_row][vc_row][vc_column width=\u00a0\u00bb1\/2&Prime;][vc_column_text]<b>Jacques Ferrier<\/b><\/p>\n<p>Les \u00e9quipes ont eu \u00e0 pr\u00e9senter leur analyse du parcours qui leur a \u00e9t\u00e9 attribu\u00e9. Par des cartes, des croquis, des photos et des vid\u00e9os, les \u00e9tudiant.e.s ont pu d\u00e9montrer ce qu\u2019ils ont per\u00e7u dans chacun des six parcours. Les six territoires analys\u00e9s forment un parcours qui part de la station Berri-UQAM et se rend jusqu\u2019\u00e0 la Place Ville-Marie. Chacune des six parties est \u00e0 la fois ext\u00e9rieure et int\u00e9rieure. Elles se lient toutes les unes aux autres soit par la ville souterraine, soit par une rue.<\/p>\n<p>Leurs analyses s\u2019attardant sur les seuils qu\u2019ils ont rencontr\u00e9s le long de leur parcours, les groupes ont relev\u00e9 la qualit\u00e9 des transitions ainsi que les art\u00e9facts et espaces qui agissent \u00e0 titre de seuil dans l\u2019espace public.[\/vc_column_text][\/vc_column][vc_column width=\u00a0\u00bb1\/2&Prime;][vc_gallery el_id=\u00a0\u00bbgallery-172564&Prime; type=\u00a0\u00bbcarousel\u00a0\u00bb medias=\u00a0\u00bb49254,49255,49256,49257,49258&Prime; carousel_lg=\u00a0\u00bb2&Prime; carousel_md=\u00a0\u00bb2&Prime; carousel_sm=\u00a0\u00bb1&Prime; thumb_size=\u00a0\u00bbtwo-three\u00a0\u00bb gutter_size=\u00a0\u00bb2&Prime; media_items=\u00a0\u00bbmedia|lightbox|original\u00a0\u00bb carousel_interval=\u00a0\u00bb0&Prime; carousel_navspeed=\u00a0\u00bb400&Prime; carousel_loop=\u00a0\u00bbyes\u00a0\u00bb carousel_dots=\u00a0\u00bbyes\u00a0\u00bb single_overlay_opacity=\u00a0\u00bb50&Prime; single_padding=\u00a0\u00bb2&Prime; single_border=\u00a0\u00bbyes\u00a0\u00bb][\/vc_column][\/vc_row][vc_row row_height_percent=\u00a0\u00bb0&Prime; overlay_alpha=\u00a0\u00bb50&Prime; equal_height=\u00a0\u00bbyes\u00a0\u00bb gutter_size=\u00a0\u00bb0&Prime; desktop_visibility=\u00a0\u00bbyes\u00a0\u00bb shift_y=\u00a0\u00bb0&Prime;][vc_column column_width_percent=\u00a0\u00bb100&Prime; position_vertical=\u00a0\u00bbmiddle\u00a0\u00bb align_horizontal=\u00a0\u00bbalign_center\u00a0\u00bb expand_height=\u00a0\u00bbyes\u00a0\u00bb overlay_alpha=\u00a0\u00bb50&Prime; gutter_size=\u00a0\u00bb3&Prime; desktop_visibility=\u00a0\u00bbyes\u00a0\u00bb align_medium=\u00a0\u00bbalign_center_tablet\u00a0\u00bb medium_width=\u00a0\u00bb0&Prime; align_mobile=\u00a0\u00bbalign_center_mobile\u00a0\u00bb shift_x=\u00a0\u00bb0&Prime; shift_y=\u00a0\u00bb0&Prime; z_index=\u00a0\u00bb0&Prime; width=\u00a0\u00bb1\/1&Prime;][vc_column_text]<a href=\"http:\/\/designinternational.uqam.ca\/2019\/jacques-ferrier-01\"><img decoding=\"async\" class=\"alignnone wp-image-49287\" src=\"http:\/\/designinternational.uqam.ca\/2019\/wp-content\/uploads\/sites\/8\/2019\/05\/fl\u00e8chepr\u00e9c\u00e9dent.png\" alt=\"\" width=\"42\" height=\"65\" \/><\/a><a href=\"http:\/\/designinternational.uqam.ca\/2019\/\"><img decoding=\"async\" class=\"alignnone wp-image-48750\" src=\"http:\/\/designinternational.uqam.ca\/2019\/wp-content\/uploads\/sites\/8\/2019\/05\/Home.png\" alt=\"\" width=\"61\" height=\"65\" \/><\/a><a href=\"http:\/\/designinternational.uqam.ca\/2019\/jacques-ferrier-03\"><img decoding=\"async\" class=\"alignnone wp-image-49285\" src=\"http:\/\/designinternational.uqam.ca\/2019\/wp-content\/uploads\/sites\/8\/2019\/05\/fl\u00e8chesuivant.png\" alt=\"\" width=\"42\" height=\"65\" \/><\/a>[\/vc_column_text][\/vc_column][\/vc_row]<\/p>\n<\/div>","protected":false},"excerpt":{"rendered":"<p>[vc_row row_height_percent=\u00a0\u00bb0&Prime; overlay_alpha=\u00a0\u00bb50&Prime; gutter_size=\u00a0\u00bb3&Prime; shift_y=\u00a0\u00bb0&Prime;][vc_column width=\u00a0\u00bb10\/12&Prime;][vc_row_inner][vc_column_inner width=\u00a0\u00bb5\/6&Prime;][vc_single_image media=\u00a0\u00bb48837&Prime; media_width_percent=\u00a0\u00bb100&Prime;][\/vc_column_inner][vc_column_inner width=\u00a0\u00bb1\/6&Prime;][\/vc_column_inner][\/vc_row_inner][\/vc_column][vc_column column_width_percent=\u00a0\u00bb100&Prime; position_vertical=\u00a0\u00bbmiddle\u00a0\u00bb align_horizontal=\u00a0\u00bbalign_center\u00a0\u00bb override_padding=\u00a0\u00bbyes\u00a0\u00bb column_padding=\u00a0\u00bb0&Prime; overlay_alpha=\u00a0\u00bb50&Prime; gutter_size=\u00a0\u00bb3&Prime; medium_visibility=\u00a0\u00bbyes\u00a0\u00bb medium_width=\u00a0\u00bb0&Prime; mobile_visibility=\u00a0\u00bbyes\u00a0\u00bb [&hellip;]<\/p>\n","protected":false},"author":6,"featured_media":0,"parent":48690,"menu_order":0,"comment_status":"closed","ping_status":"closed","template":"","meta":{"footnotes":""},"class_list":["post-49253","page","type-page","status-publish","hentry","page_category-jacques-ferrier"],"_links":{"self":[{"href":"https:\/\/designinternational.uqam.ca\/2019\/wp-json\/wp\/v2\/pages\/49253","targetHints":{"allow":["GET"]}}],"collection":[{"href":"https:\/\/designinternational.uqam.ca\/2019\/wp-json\/wp\/v2\/pages"}],"about":[{"href":"https:\/\/designinternational.uqam.ca\/2019\/wp-json\/wp\/v2\/types\/page"}],"author":[{"embeddable":true,"href":"https:\/\/designinternational.uqam.ca\/2019\/wp-json\/wp\/v2\/users\/6"}],"replies":[{"embeddable":true,"href":"https:\/\/designinternational.uqam.ca\/2019\/wp-json\/wp\/v2\/comments?post=49253"}],"version-history":[{"count":4,"href":"https:\/\/designinternational.uqam.ca\/2019\/wp-json\/wp\/v2\/pages\/49253\/revisions"}],"predecessor-version":[{"id":49450,"href":"https:\/\/designinternational.uqam.ca\/2019\/wp-json\/wp\/v2\/pages\/49253\/revisions\/49450"}],"up":[{"embeddable":true,"href":"https:\/\/designinternational.uqam.ca\/2019\/wp-json\/wp\/v2\/pages\/48690"}],"wp:attachment":[{"href":"https:\/\/designinternational.uqam.ca\/2019\/wp-json\/wp\/v2\/media?parent=49253"}],"curies":[{"name":"wp","href":"https:\/\/api.w.org\/{rel}","templated":true}]}}

<div class="wpb-content-wrapper"><p>[vc_row row_height_percent= »0&Prime; overlay_alpha= »50&Prime; gutter_size= »3&Prime; shift_y= »0&Prime;][vc_column width= »10/12&Prime;][vc_row_inner][vc_column_inner width= »5/6&Prime;][vc_single_image media= »48837&Prime; media_width_percent= »100&Prime;][/vc_column_inner][vc_column_inner width= »1/6&Prime;][/vc_column_inner][/vc_row_inner][/vc_column][vc_column column_width_percent= »100&Prime; position_vertical= »middle » align_horizontal= »align_center » override_padding= »yes » column_padding= »0&Prime; overlay_alpha= »50&Prime; gutter_size= »3&Prime; medium_visibility= »yes » medium_width= »0&Prime; mobile_visibility= »yes » shift_x= »0&Prime; shift_y= »0&Prime; z_index= »0&Prime; width= »2/12&Prime;][vc_row_inner][vc_column_inner width= »1/3&Prime;][vc_single_image media= »48461&Prime; media_width_percent= »75&Prime; alignment= »center » media_link= »url:http%3A%2F%2Fdesigninternational.uqam.ca%2F2019%2Fjacques-ferrier%2Fjacques-ferrier-01%2F|title:Jacques%20Ferrier%20%E2%80%93%2001|| »][/vc_column_inner][vc_column_inner width= »1/3&Prime;][vc_single_image media= »48750&Prime; media_width_percent= »100&Prime; alignment= »center » media_link= »url:http%3A%2F%2Fdesigninternational.uqam.ca%2F2019%2F|title:Accueil%202019|| »][/vc_column_inner][vc_column_inner width= »1/3&Prime;][vc_single_image media= »48458&Prime; media_width_percent= »75&Prime; alignment= »center » media_link= »url:http%3A%2F%2Fdesigninternational.uqam.ca%2F2019%2Fjacques-ferrier%2Fjacques-ferrier-03|title:Jacques%20Ferrier%20%E2%80%93%2000|| »][/vc_column_inner][/vc_row_inner][/vc_column][/vc_row][vc_row][vc_column width= »1/2&Prime;][vc_column_text]<b>Jacques Ferrier</b></p>
<p>Les équipes ont eu à présenter leur analyse du parcours qui leur a été attribué. Par des cartes, des croquis, des photos et des vidéos, les étudiant.e.s ont pu démontrer ce qu’ils ont perçu dans chacun des six parcours. Les six territoires analysés forment un parcours qui part de la station Berri-UQAM et se rend jusqu’à la Place Ville-Marie. Chacune des six parties est à la fois extérieure et intérieure. Elles se lient toutes les unes aux autres soit par la ville souterraine, soit par une rue.</p>
<p>Leurs analyses s’attardant sur les seuils qu’ils ont rencontrés le long de leur parcours, les groupes ont relevé la qualité des transitions ainsi que les artéfacts et espaces qui agissent à titre de seuil dans l’espace public.[/vc_column_text][/vc_column][vc_column width= »1/2&Prime;][vc_gallery el_id= »gallery-172564&Prime; type= »carousel » medias= »49254,49255,49256,49257,49258&Prime; carousel_lg= »2&Prime; carousel_md= »2&Prime; carousel_sm= »1&Prime; thumb_size= »two-three » gutter_size= »2&Prime; media_items= »media|lightbox|original » carousel_interval= »0&Prime; carousel_navspeed= »400&Prime; carousel_loop= »yes » carousel_dots= »yes » single_overlay_opacity= »50&Prime; single_padding= »2&Prime; single_border= »yes »][/vc_column][/vc_row][vc_row row_height_percent= »0&Prime; overlay_alpha= »50&Prime; equal_height= »yes » gutter_size= »0&Prime; desktop_visibility= »yes » shift_y= »0&Prime;][vc_column column_width_percent= »100&Prime; position_vertical= »middle » align_horizontal= »align_center » expand_height= »yes » overlay_alpha= »50&Prime; gutter_size= »3&Prime; desktop_visibility= »yes » align_medium= »align_center_tablet » medium_width= »0&Prime; align_mobile= »align_center_mobile » shift_x= »0&Prime; shift_y= »0&Prime; z_index= »0&Prime; width= »1/1&Prime;][vc_column_text]<a href="http://designinternational.uqam.ca/2019/jacques-ferrier-01"><img decoding="async" class="alignnone wp-image-49287" src="http://designinternational.uqam.ca/2019/wp-content/uploads/sites/8/2019/05/flècheprécédent.png" alt="" width="42" height="65" /></a><a href="http://designinternational.uqam.ca/2019/"><img decoding="async" class="alignnone wp-image-48750" src="http://designinternational.uqam.ca/2019/wp-content/uploads/sites/8/2019/05/Home.png" alt="" width="61" height="65" /></a><a href="http://designinternational.uqam.ca/2019/jacques-ferrier-03"><img decoding="async" class="alignnone wp-image-49285" src="http://designinternational.uqam.ca/2019/wp-content/uploads/sites/8/2019/05/flèchesuivant.png" alt="" width="42" height="65" /></a>[/vc_column_text][/vc_column][/vc_row]</p>
</div>
