{"id":48556,"date":"2019-05-13T00:18:55","date_gmt":"2019-05-12T23:18:55","guid":{"rendered":"http:\/\/designinternational.uqam.ca\/2019\/?page_id=48556"},"modified":"2019-05-16T16:15:41","modified_gmt":"2019-05-16T15:15:41","slug":"jacques-ferrier-01","status":"publish","type":"page","link":"https:\/\/designinternational.uqam.ca\/2019\/jacques-ferrier\/jacques-ferrier-01\/","title":{"rendered":"Jacques Ferrier &#8211; 01"},"content":{"rendered":"<div class=\"wpb-content-wrapper\"><p>[vc_row row_height_percent=\u00a0\u00bb0&Prime; overlay_alpha=\u00a0\u00bb50&Prime; gutter_size=\u00a0\u00bb3&Prime; shift_y=\u00a0\u00bb0&Prime;][vc_column width=\u00a0\u00bb10\/12&Prime;][vc_row_inner][vc_column_inner width=\u00a0\u00bb5\/6&Prime;][vc_single_image media=\u00a0\u00bb48554&Prime; media_width_percent=\u00a0\u00bb100&Prime;][\/vc_column_inner][vc_column_inner width=\u00a0\u00bb1\/6&Prime;][\/vc_column_inner][\/vc_row_inner][\/vc_column][vc_column column_width_percent=\u00a0\u00bb100&Prime; position_vertical=\u00a0\u00bbmiddle\u00a0\u00bb align_horizontal=\u00a0\u00bbalign_center\u00a0\u00bb override_padding=\u00a0\u00bbyes\u00a0\u00bb column_padding=\u00a0\u00bb0&Prime; overlay_alpha=\u00a0\u00bb50&Prime; gutter_size=\u00a0\u00bb3&Prime; medium_visibility=\u00a0\u00bbyes\u00a0\u00bb medium_width=\u00a0\u00bb0&Prime; mobile_visibility=\u00a0\u00bbyes\u00a0\u00bb shift_x=\u00a0\u00bb0&Prime; shift_y=\u00a0\u00bb0&Prime; z_index=\u00a0\u00bb0&Prime; width=\u00a0\u00bb2\/12&Prime;][vc_row_inner][vc_column_inner width=\u00a0\u00bb1\/3&Prime;][vc_single_image media=\u00a0\u00bb48461&Prime; media_width_percent=\u00a0\u00bb75&Prime; alignment=\u00a0\u00bbcenter\u00a0\u00bb media_link=\u00a0\u00bburl:http%3A%2F%2Fdesigninternational.uqam.ca%2F2019%2Fjacques-ferrier%2Fjacques-ferrier-00%23jacques-ferrier|title:Jacques%20Ferrier%20%E2%80%93%2000||\u00a0\u00bb][\/vc_column_inner][vc_column_inner width=\u00a0\u00bb1\/3&Prime;][vc_single_image media=\u00a0\u00bb48750&Prime; media_width_percent=\u00a0\u00bb100&Prime; alignment=\u00a0\u00bbcenter\u00a0\u00bb media_link=\u00a0\u00bburl:http%3A%2F%2Fdesigninternational.uqam.ca%2F2019%2F|title:Accueil%202019||\u00a0\u00bb][\/vc_column_inner][vc_column_inner width=\u00a0\u00bb1\/3&Prime;][vc_single_image media=\u00a0\u00bb48458&Prime; media_width_percent=\u00a0\u00bb75&Prime; alignment=\u00a0\u00bbcenter\u00a0\u00bb media_link=\u00a0\u00bburl:http%3A%2F%2Fdesigninternational.uqam.ca%2F2019%2Fjacques-ferrier%2Fjacques-ferrier-02|title:Jacques%20Ferrier%20%E2%80%93%2001||\u00a0\u00bb][\/vc_column_inner][\/vc_row_inner][\/vc_column][\/vc_row][vc_row][vc_column width=\u00a0\u00bb1\/2&Prime;][vc_column_text]<b>Jacques Ferrier<\/b><\/p>\n<p>Les \u00e9tudiant.e.s de l\u2019atelier de Jacques Ferrier travailleront en \u00e9quipe sur la notion de seuil dans la ville. L\u2019atelier interviendra sur six parcours diff\u00e9rents dans la ville de Montr\u00e9al. L\u2019objectif de chaque groupe sera de red\u00e9finir et de requalifier certains seuils qui rythment le parcours qui leur a \u00e9t\u00e9 attribu\u00e9.<\/p>\n<p>Pour cette premi\u00e8re journ\u00e9e de travail, chacun des groupes est all\u00e9 visiter le parcours qui lui a \u00e9t\u00e9 attribu\u00e9. Demain, ils auront \u00e0 pr\u00e9senter leur \u00e9tude de ces lieux, des seuils qu\u2019ils ont observ\u00e9s, leurs qualit\u00e9s et leurs potentiels.[\/vc_column_text][\/vc_column][vc_column width=\u00a0\u00bb1\/2&Prime;][vc_single_image media=\u00a0\u00bb49342&Prime; media_width_percent=\u00a0\u00bb100&Prime;][\/vc_column][\/vc_row][vc_row row_height_percent=\u00a0\u00bb0&Prime; overlay_alpha=\u00a0\u00bb50&Prime; equal_height=\u00a0\u00bbyes\u00a0\u00bb gutter_size=\u00a0\u00bb0&Prime; desktop_visibility=\u00a0\u00bbyes\u00a0\u00bb shift_y=\u00a0\u00bb0&Prime;][vc_column column_width_percent=\u00a0\u00bb100&Prime; position_vertical=\u00a0\u00bbmiddle\u00a0\u00bb align_horizontal=\u00a0\u00bbalign_center\u00a0\u00bb expand_height=\u00a0\u00bbyes\u00a0\u00bb overlay_alpha=\u00a0\u00bb50&Prime; gutter_size=\u00a0\u00bb3&Prime; desktop_visibility=\u00a0\u00bbyes\u00a0\u00bb align_medium=\u00a0\u00bbalign_center_tablet\u00a0\u00bb medium_width=\u00a0\u00bb0&Prime; align_mobile=\u00a0\u00bbalign_center_mobile\u00a0\u00bb shift_x=\u00a0\u00bb0&Prime; shift_y=\u00a0\u00bb0&Prime; z_index=\u00a0\u00bb0&Prime; width=\u00a0\u00bb1\/1&Prime;][vc_column_text]<a href=\"http:\/\/designinternational.uqam.ca\/2019\/jacques-ferrier-00#jacques-ferrier\"><img decoding=\"async\" class=\"alignnone wp-image-49287\" src=\"http:\/\/designinternational.uqam.ca\/2019\/wp-content\/uploads\/sites\/8\/2019\/05\/fl\u00e8chepr\u00e9c\u00e9dent.png\" alt=\"\" width=\"42\" height=\"65\" \/><\/a><a href=\"http:\/\/designinternational.uqam.ca\/2019\/\"><img decoding=\"async\" class=\"alignnone wp-image-48750\" src=\"http:\/\/designinternational.uqam.ca\/2019\/wp-content\/uploads\/sites\/8\/2019\/05\/Home.png\" alt=\"\" width=\"61\" height=\"65\" \/><\/a><a href=\"http:\/\/designinternational.uqam.ca\/2019\/jacques-ferrier-02\"><img decoding=\"async\" class=\"alignnone wp-image-49285\" src=\"http:\/\/designinternational.uqam.ca\/2019\/wp-content\/uploads\/sites\/8\/2019\/05\/fl\u00e8chesuivant.png\" alt=\"\" width=\"42\" height=\"65\" \/><\/a>[\/vc_column_text][\/vc_column][\/vc_row]<\/p>\n<\/div>","protected":false},"excerpt":{"rendered":"<p>[vc_row row_height_percent=\u00a0\u00bb0&Prime; overlay_alpha=\u00a0\u00bb50&Prime; gutter_size=\u00a0\u00bb3&Prime; shift_y=\u00a0\u00bb0&Prime;][vc_column width=\u00a0\u00bb10\/12&Prime;][vc_row_inner][vc_column_inner width=\u00a0\u00bb5\/6&Prime;][vc_single_image media=\u00a0\u00bb48554&Prime; media_width_percent=\u00a0\u00bb100&Prime;][\/vc_column_inner][vc_column_inner width=\u00a0\u00bb1\/6&Prime;][\/vc_column_inner][\/vc_row_inner][\/vc_column][vc_column column_width_percent=\u00a0\u00bb100&Prime; position_vertical=\u00a0\u00bbmiddle\u00a0\u00bb align_horizontal=\u00a0\u00bbalign_center\u00a0\u00bb override_padding=\u00a0\u00bbyes\u00a0\u00bb column_padding=\u00a0\u00bb0&Prime; overlay_alpha=\u00a0\u00bb50&Prime; gutter_size=\u00a0\u00bb3&Prime; medium_visibility=\u00a0\u00bbyes\u00a0\u00bb medium_width=\u00a0\u00bb0&Prime; mobile_visibility=\u00a0\u00bbyes\u00a0\u00bb [&hellip;]<\/p>\n","protected":false},"author":7,"featured_media":0,"parent":48690,"menu_order":0,"comment_status":"closed","ping_status":"closed","template":"","meta":{"footnotes":""},"class_list":["post-48556","page","type-page","status-publish","hentry","page_category-jacques-ferrier"],"_links":{"self":[{"href":"https:\/\/designinternational.uqam.ca\/2019\/wp-json\/wp\/v2\/pages\/48556","targetHints":{"allow":["GET"]}}],"collection":[{"href":"https:\/\/designinternational.uqam.ca\/2019\/wp-json\/wp\/v2\/pages"}],"about":[{"href":"https:\/\/designinternational.uqam.ca\/2019\/wp-json\/wp\/v2\/types\/page"}],"author":[{"embeddable":true,"href":"https:\/\/designinternational.uqam.ca\/2019\/wp-json\/wp\/v2\/users\/7"}],"replies":[{"embeddable":true,"href":"https:\/\/designinternational.uqam.ca\/2019\/wp-json\/wp\/v2\/comments?post=48556"}],"version-history":[{"count":11,"href":"https:\/\/designinternational.uqam.ca\/2019\/wp-json\/wp\/v2\/pages\/48556\/revisions"}],"predecessor-version":[{"id":49423,"href":"https:\/\/designinternational.uqam.ca\/2019\/wp-json\/wp\/v2\/pages\/48556\/revisions\/49423"}],"up":[{"embeddable":true,"href":"https:\/\/designinternational.uqam.ca\/2019\/wp-json\/wp\/v2\/pages\/48690"}],"wp:attachment":[{"href":"https:\/\/designinternational.uqam.ca\/2019\/wp-json\/wp\/v2\/media?parent=48556"}],"curies":[{"name":"wp","href":"https:\/\/api.w.org\/{rel}","templated":true}]}}

<div class="wpb-content-wrapper"><p>[vc_row row_height_percent= »0&Prime; overlay_alpha= »50&Prime; gutter_size= »3&Prime; shift_y= »0&Prime;][vc_column width= »10/12&Prime;][vc_row_inner][vc_column_inner width= »5/6&Prime;][vc_single_image media= »48554&Prime; media_width_percent= »100&Prime;][/vc_column_inner][vc_column_inner width= »1/6&Prime;][/vc_column_inner][/vc_row_inner][/vc_column][vc_column column_width_percent= »100&Prime; position_vertical= »middle » align_horizontal= »align_center » override_padding= »yes » column_padding= »0&Prime; overlay_alpha= »50&Prime; gutter_size= »3&Prime; medium_visibility= »yes » medium_width= »0&Prime; mobile_visibility= »yes » shift_x= »0&Prime; shift_y= »0&Prime; z_index= »0&Prime; width= »2/12&Prime;][vc_row_inner][vc_column_inner width= »1/3&Prime;][vc_single_image media= »48461&Prime; media_width_percent= »75&Prime; alignment= »center » media_link= »url:http%3A%2F%2Fdesigninternational.uqam.ca%2F2019%2Fjacques-ferrier%2Fjacques-ferrier-00%23jacques-ferrier|title:Jacques%20Ferrier%20%E2%80%93%2000|| »][/vc_column_inner][vc_column_inner width= »1/3&Prime;][vc_single_image media= »48750&Prime; media_width_percent= »100&Prime; alignment= »center » media_link= »url:http%3A%2F%2Fdesigninternational.uqam.ca%2F2019%2F|title:Accueil%202019|| »][/vc_column_inner][vc_column_inner width= »1/3&Prime;][vc_single_image media= »48458&Prime; media_width_percent= »75&Prime; alignment= »center » media_link= »url:http%3A%2F%2Fdesigninternational.uqam.ca%2F2019%2Fjacques-ferrier%2Fjacques-ferrier-02|title:Jacques%20Ferrier%20%E2%80%93%2001|| »][/vc_column_inner][/vc_row_inner][/vc_column][/vc_row][vc_row][vc_column width= »1/2&Prime;][vc_column_text]<b>Jacques Ferrier</b></p>
<p>Les étudiant.e.s de l’atelier de Jacques Ferrier travailleront en équipe sur la notion de seuil dans la ville. L’atelier interviendra sur six parcours différents dans la ville de Montréal. L’objectif de chaque groupe sera de redéfinir et de requalifier certains seuils qui rythment le parcours qui leur a été attribué.</p>
<p>Pour cette première journée de travail, chacun des groupes est allé visiter le parcours qui lui a été attribué. Demain, ils auront à présenter leur étude de ces lieux, des seuils qu’ils ont observés, leurs qualités et leurs potentiels.[/vc_column_text][/vc_column][vc_column width= »1/2&Prime;][vc_single_image media= »49342&Prime; media_width_percent= »100&Prime;][/vc_column][/vc_row][vc_row row_height_percent= »0&Prime; overlay_alpha= »50&Prime; equal_height= »yes » gutter_size= »0&Prime; desktop_visibility= »yes » shift_y= »0&Prime;][vc_column column_width_percent= »100&Prime; position_vertical= »middle » align_horizontal= »align_center » expand_height= »yes » overlay_alpha= »50&Prime; gutter_size= »3&Prime; desktop_visibility= »yes » align_medium= »align_center_tablet » medium_width= »0&Prime; align_mobile= »align_center_mobile » shift_x= »0&Prime; shift_y= »0&Prime; z_index= »0&Prime; width= »1/1&Prime;][vc_column_text]<a href="http://designinternational.uqam.ca/2019/jacques-ferrier-00#jacques-ferrier"><img decoding="async" class="alignnone wp-image-49287" src="http://designinternational.uqam.ca/2019/wp-content/uploads/sites/8/2019/05/flècheprécédent.png" alt="" width="42" height="65" /></a><a href="http://designinternational.uqam.ca/2019/"><img decoding="async" class="alignnone wp-image-48750" src="http://designinternational.uqam.ca/2019/wp-content/uploads/sites/8/2019/05/Home.png" alt="" width="61" height="65" /></a><a href="http://designinternational.uqam.ca/2019/jacques-ferrier-02"><img decoding="async" class="alignnone wp-image-49285" src="http://designinternational.uqam.ca/2019/wp-content/uploads/sites/8/2019/05/flèchesuivant.png" alt="" width="42" height="65" /></a>[/vc_column_text][/vc_column][/vc_row]</p>
</div>
